2*l**4 + 113*l**2 + 2. Determine b(0).
2
Suppose 5*u - 3*r = 15, 0*u - 4*r = 3*u - 38. Suppose u = 17*n - 14*n. Let y(o) = -4*o**n + 23 - 8 + 2*o**2 - 6*o**3 - 14. Give y(1).
-7
Let a = -1533 + 1537. Let t(h) be the third derivative of h**5/30 - h**4/12 + h**3/6 + 4*h**2 + 8*h. Give t(a).
25
Let s(v) = 7*v**2 - 4*v + 16. Let d(o) = 6*o**2 - 4*o + 13. Suppose 7*z = 31 + 4. Let w(l) = z*s(l) - 6*d(l). Determine w(6).
-10
Let d(x) = 3*x**2 + x - 7 - 220*x**3 + 221*x**3 - 4*x**2. Suppose 0 = -4*y + y. Suppose y = 6*m + 7 - 7. Determine d(m).
-7
Let x(t) = 2*t**3 + 13*t**2 + 7*t + 9. Let h be x(-6). Let y(i) = 1 + 18*i - 2*i**2 + 8*i**h - 16*i - 2. Let w = 154 - 153. Determine y(w).
7
Let f(b) = -9*b + 44. Let a(y) = 22*y - 106. Let x(c) = 5*a(c) + 12*f(c). Calculate x(-10).
-22
Let y(w) be the third derivative of w**6/60 - w**5/60 + w**3/6 + 225*w**2 + 2. Determine y(1).
2
Let j(c) = -101 - 95 + 199 + 81*c - 37*c - 43*c. Let z = 3 - 8. What is j(z)?
-2
Let y(c) be the first derivative of -c**4 - c**3/3 - c**2/2 + 3*c - 7237. Calculate y(1).
-3
Let s(x) = x**3 + 6*x**2 - 11*x - 4. Let n be 0 + (-6)/(-8) - 2415/276. Calculate s(n).
-44
Let c(d) = 2*d. Let m = 181 - 183. Let n be 38/6 - m/3. Calculate c(n).
14
Suppose 5*o + 2 = -3*f, -3*f + o + 3*o = -7. Let a(i) = f + 2 + i + 3 - 3. Determine a(-3).
0
Let l be (-14)/(-35)*-5 + 3. Let y(q) = -11*q - 11*q + 27*q + l - 7*q. Determine y(5).
-9
Let t be 6 - 2*(1 + 0). Let r(q) be the second derivative of -q**4/6 - q**3/2 - 15*q**2 + 24*q. Let p(c) be the first derivative of r(c). Give p(t).
-19
Let k(x) = -1696 + 1425 + 28*x + 58*x - 17*x. Determine k(4).
5
Let r = -146 + 156. Let i(v) = -8*v - 3. Let s(u) = 19*u + 11. Let p(n) = -5*i(n) - 2*s(n). What is p(r)?
13
Let g(h) = -2*h**2 - 18*h - 5. Let d(q) = 85*q + 923. Let a be d(-11). What is g(a)?
-77
Let u(p) = 5*p**3 + 2*p**2 - 55*p + 39. Let b(f) = -14*f**3 - 6*f**2 + 160*f - 119. Let m(g) = 6*b(g) + 17*u(g). Calculate m(2).
-1
Let p(n) = -2*n - 51. Let h(r) = -3*r - 42. Let y(k) = -5*h(k) + 4*p(k). What is y(-2)?
-8
Let n(y) be the third derivative of -y**4/4 - 2*y**2 + 197*y + 4. Give n(-13).
78
Let w(g) = -3*g - 1. Let i be w(-2). Suppose -i*a + 15 = -0. Let d(p) = -2636*p**2 + 1307*p**2 - 2*p + 1327*p**2 + p**3. Calculate d(a).
3
Let g(w) be the first derivative of -4*w**2 - 186*w + 5981. Determine g(-23).
-2
Let g be 6 + 1/(-2)*2. Let a(b) = -b**3 + 6*b + 4*b**2 - 31 + 34 - g*b**2 + 6*b**2. Give a(6).
3
Let y(t) be the first derivative of 1/2*t**4 + 1/6*t**3 - 11 + 0*t - 1/2*t**2. Let f(j) be the second derivative of y(j). Determine f(-1).
-11
Let s(w) be the first derivative of -w**4/12 - w**3/2 + 5*w**2/2 + 48*w - 65. Let a(y) be the first derivative of s(y). What is a(-4)?
1
Suppose 0 = -2*l - l + 51. Let s(d) = -d + 10. Let u be s(l). Let r be (-18)/(-3)*(u - -4)/3. Let t(z) = -z**3 - 6*z**2 + z + 3. What is t(r)?
-3
Let a(n) = n**2 - 17*n - 46. Let y(d) = -3*d**2 + 50*d + 138. Let h(x) = 17*a(x) + 6*y(x). Suppose 8696*g = 8026*g + 5055 + 4325. Determine h(g).
4
Let n(m) = -m**3 - 7*m**2 - 2. Suppose 2*q - 30 = -k + 41, -4*q + 143 = k. Suppose -q*r - 34 = 218. What is n(r)?
-2
Let p = -387 + 391. Let u be 3 - (15/5 + p). Let b(z) = -4*z**2 - 4*z - 6. Let c(t) = 5*t**2 + 3*t + 7. Let a(m) = -4*b(m) - 3*c(m). What is a(u)?
-9
Let s(a) = -5*a + 14. Let n = -1172 - -1168. Calculate s(n).
34
Let l(p) = p**2 + 18*p - 26. Let b be l(-19). Suppose q - 4*q = -18. Let s(a) = 8*a**2 - 6 + q*a + 45*a**3 + 0*a - 44*a**3. Give s(b).
1
Let m be (4/(-7))/(44/154). Let h be (18 - 3 - 10) + 4 + m. Let g(p) = p**3 - 6*p**2 - 7*p - 2. Calculate g(h).
-2
Let v(t) = t**2 - 4*t - 5. Let a be 4/6*(-12)/(-8). Let k = a - 18. Let p(j) = j**2 + 18*j + 23. Let m be p(k). Calculate v(m).
7
Let p(t) be the third derivative of t**6/120 - 13*t**5/20 + t**4/12 - 6*t**3 + 10*t**2 - 175*t. Calculate p(39).
42
Let g(i) = 2*i + 28. Let k be g(-16). Let b(r) = r + 2. Let t(h) = -3*h - 7. Let s(w) = k*t(w) - 14*b(w). Suppose -14*f - 4 = -10*f. What is s(f)?
2
Let n(g) = 4*g**2 - g - 16. Suppose 35*j - 39 = -144. Give n(j).
23
Let q(x) be the second derivative of -x**5/20 - x**4/2 - x**3/2 - 3*x**2/2 - 33*x. Let y = 26 + -29. Determine q(y).
-21
Let w(g) = g + 8. Let h(v) = -18*v - 42. Let x(l) = -h(l) - 5*w(l). What is x(-3)?
-37
Suppose 193*d + 56 = 100*d + 101*d. Let k(u) = u**3 - 7*u**2 + 15. Calculate k(d).
15
Let w be (-285)/(-45) + (-2)/(-3). Let f(a) = 10*a**3 - a**2 - w*a**2 + 9*a**2 + a + 1. Give f(-1).
-9
Let z(o) = 3*o**2 + 8*o + 79. Let k(a) = 4*a**2 + 7*a + 77. Let d(c) = 4*k(c) - 5*z(c). Let r(p) be the first derivative of d(p). What is r(5)?
-2
Let j(p) = p - 25. Let h be j(10). Let l = h + 81. Let o(x) = l - 37 - x**2 + 8*x - 34. Give o(6).
7
Let g(s) = -2*s**2 - 15*s - 9. Let c(i) = 4*i**2 - 141*i - 266. Let r be c(37). Give g(r).
-2
Let t(k) = k**2 - 14*k - 243. Suppose -3*p = 5*n - 111, -2*n - p - 1265 = -1310. What is t(n)?
-3
Let i(r) be the second derivative of 4*r**4/3 + 5*r**3/6 + 5*r**2/2 + 884*r. Give i(-2).
59
Let z(t) = -80*t**2 + 7*t + 27. Let b(d) = -89*d**2 + 8*d + 30. Let c(q) = -9*b(q) + 10*z(q). Let u(x) = x**3 + 3*x**2 - 5*x - 1. Let i be u(-4). Give c(i).
3
Let x be (2 + (-8 - -2))*6/(-12). Let p(j) = -4*j + 526 + 3*j**2 - 531 - 2*j**x. Determine p(5).
0
Let y(f) = -f**2 - 2 - 5 + 15*f - 7*f. Let h(q) be the third derivative of -q**4/24 + 2*q**3 + 10*q**2. Let c be h(6). What is y(c)?
5
Let k(z) = 2*z**2 + 3*z - 34. Suppose 340*a - 105*a = 705. Determine k(a).
-7
Let c(v) = -6*v - 13*v**2 - 4*v**2 + 1 + 0 + 21*v**2. Let k be c(2). Let o(m) = -m - 5*m + m + m**2 + 4. Give o(k).
4
Let w(s) = 26*s**3 - 2*s**2 - 3*s - 2. Suppose u = -9*u + 49*u + 39. Calculate w(u).
-27
Let v(a) = a**3 + 4*a**2 + 1. Let l be v(-4). Suppose 0 = -3*f + 20 - 14. Let h(c) = 1 - 12*c**2 + 4 + f*c + 2*c**2 - 6. Give h(l).
-9
Suppose 2*n = f + 7*n - 24, 4*f - 48 = -4*n. Suppose -33*r - f = -24*r. Let d(h) = -2*h**2 - 1. What is d(r)?
-3
Suppose 4*d + d = 20. Let t(x) = d*x - 6 + 5*x - x**2 - 2*x. Let a be 27 - (3663/165 - (-3)/(-15)). Calculate t(a).
4
Let p(t) = 11*t - 10. Suppose 10*q - 67 - 250 = 327*q. Calculate p(q).
-21
Let z(m) = -m. Let l(k) = -8*k**2 + k - 12. Let b(c) = 5*c**2 - c + 6. Let v(g) = -5*b(g) - 3*l(g). Let a(x) = -v(x) - 3*z(x). Calculate a(-6).
24
Let z(j) = -24*j - 288. Let b be z(-12). Let w(a) = -2*a + 5. What is w(b)?
5
Let s(g) = -11 + 7*g + 35 - 10. Let o(y) = -3*y - 6. Let v(q) = -9*o(q) - 4*s(q). Give v(0).
-2
Let q(t) = t**3 + 2*t**2 + 2*t + 4. Let u be q(0). Let v(x) = -15*x + 16*x + 2 + u*x**3 - 1. What is v(-1)?
-4
Let l be (-3)/9*(2 + -11). Let y(f) = 8*f - 464 + 6*f - 2*f - 6*f + 466. Give y(l).
20
Let b(l) = 6*l**3 - 528*l**2 + l - 88. Let s be b(88). Let a(g) = -g**3 + 2*g - 69. Calculate a(s).
-69
Let j(h) be the third derivative of -h**5/60 + h**4/24 + 5*h**3/2 - 59*h**2 + 13*h. Calculate j(4).
3
Let m(i) = 3*i - 83. Let z(u) = 3*u - 58. Let g(f) = 3*m(f) - 4*z(f). Determine g(3).
-26
Let p(j) be the first derivative of -2/3*j**3 - 74 - 4*j - 1/2*j**2. Give p(3).
-25
Suppose -5*w = -5*s + 45, -19 = 4*s - 39. Let d(a) = -2*a - 6. Let z(n) = 3*n + 11. Let g(v) = 5*d(v) + 3*z(v). What is g(w)?
7
Let i(q) be the second derivative of q**5/20 + 2*q**4/3 + 5*q**3/6 - 2*q**2 - 15*q - 31. Give i(-8).
-44
Let m(b) = 19*b**2 + 113*b - 79. Let f(q) = 32*q**2 + 188*q - 136. Let k(c) = 7*f(c) - 12*m(c). Give k(-10).
-4
Suppose -4*x = -5*x - 12. Let t(o) = -10*o + 2401. Let k(z) = -2*z + 434. Let a(w) = 11*k(w) - 2*t(w). Give a(x).
-4
Let w(k) = 12001*k**2 - 5*k + 12 + 12054*k**2 - 24054*k**2. Give w(11).
78
Let l(n) = -n**2 + 1 - 4 + 3 - 2 - 6*n. Let z(d) = 12*d - 275 - d**2 - d + 22*d. Let s be z(15). Calculate l(s).
3
Let v(d) be the first derivative of 1/2*d**2 + 7/3*d**3 + 14 + 0*d. Determine v(-1).
6
Let j be ((-425)/170)/((-2)/(-12)). Let q(x) = -x**2 - 17*x - 26. Give q(j).
4
Let k(l) = l**3 - l. Let v be k(-1). Let f(b) = 623 + 761 + 2*b - 1388. Determine f(v).
-4
Let w(d) = 484*d**2 - 485*d**2 - 5 - 2 - 4*d - 4*d. Let z(b) = -b**3 + 7*b**2 - 4*b - 1. Let a be z(6). Let f be (-9 + a)*(-14)/4. Calculate w(f).
0
Let u be ((-2718)/162 - -16) + 4/(-18). Let d(n) = 9*n**2 + 13*n. Let q(z) = 8*z**2 + 11*z. Let x(a) = -5*d(a) + 6*q(a). Give